{"id":330,"date":"2018-04-26T12:25:41","date_gmt":"2018-04-26T10:25:41","guid":{"rendered":"http:\/\/mademoisellekoshka.com\/?page_id=330"},"modified":"2022-10-20T12:08:53","modified_gmt":"2022-10-20T10:08:53","slug":"mentions-legales","status":"publish","type":"page","link":"https:\/\/mademoisellekoshka.com\/index.php\/mentions-legales\/","title":{"rendered":"Mentions L\u00e9gales"},"content":{"rendered":"\t\t<div data-elementor-type=\"wp-page\" data-elementor-id=\"330\" class=\"elementor elementor-330\">\n\t\t\t\t\t\t<section class=\"elementor-section elementor-top-section elementor-element elementor-element-63f9b7bf elementor-section-boxed elementor-section-height-default elementor-section-height-default\" data-id=\"63f9b7bf\" data-element_type=\"section\" data-e-type=\"section\">\n\t\t\t\t\t\t<div class=\"elementor-container elementor-column-gap-default\">\n\t\t\t\t\t<div class=\"elementor-column elementor-col-100 elementor-top-column elementor-element elementor-element-e6ff1c\" data-id=\"e6ff1c\" data-element_type=\"column\" data-e-type=\"column\">\n\t\t\t<div class=\"elementor-widget-wrap elementor-element-populated\">\n\t\t\t\t\t\t<div class=\"elementor-element elementor-element-5c9df11 elementor-widget elementor-widget-text-editor\" data-id=\"5c9df11\" data-element_type=\"widget\" data-e-type=\"widget\" data-widget_type=\"text-editor.default\">\n\t\t\t\t<div class=\"elementor-widget-container\">\n\t\t\t\t\t\t\t\t\t<h1 align=\"center\">Mentions l\u00e9gales et politique de confidentialit\u00e9<\/h1>\n<p>Conform\u00e9ment aux dispositions de l&rsquo;article 6 III-1 de la loi n\u00b02004-575 du 21 juin 2004 pour la confiance dans l&rsquo;\u00e9conomie num\u00e9rique, nous vous informons que le pr\u00e9sent site <a href=\"https:\/\/mademoisellekoshka.com\/\">https:\/\/mademoisellekoshka.com\/<\/a> &nbsp;(ci-apr\u00e8s \u00ab le Site \u00bb) est la propri\u00e9t\u00e9 exclusive de LIEPARD Elodie:&nbsp;<\/p>\n<p>LIEPARD Elodie,&nbsp;Micro entrepreneur,<\/p>\n<p>N\u00b0 SIRET :&nbsp; 821 552 783 00010<\/p>\n<p>Inscrite \u00e0 la Chambre de M\u00e9tiers et de l&rsquo;Artisanat du Nord (59) et au R\u00e9pertoire des M\u00e9tiers<\/p>\n<p>Adresse :&nbsp;31 rue Carnot, 59700 Marcq en Baroeul<\/p>\n<p>Tel : 06.60.91.26.08<br>Mail :&nbsp;<a href=\"mailto:contact@mademoisellekoshka.com\">contact@mademoisellekoshka.com<\/a><br>Directeur de la Publication : LIEPARD Elodie<\/p>\n<p>Le Site est h\u00e9berg\u00e9 par : OVH<\/p>\n<p>Photo de couverture : <a href=\"https:\/\/dianesevrin.fr\">@Diane Sevrin<\/a><\/p>\n<p>Les CGV peuvent \u00eatre consult\u00e9es par tout visiteur du Site <a href=\"https:\/\/mademoisellekoshka.com\/index.php\/cgv\/\">en cliquant ici <\/a><\/p>\n<p>&nbsp;Toute personne physique ou morale acc\u00e9dant au Site est ci-apr\u00e8s d\u00e9nomm\u00e9e \u201cl\u2019Internaute\u201d.&nbsp;<\/p>\n<p>&nbsp;Toute personne physique ou morale effectuant un achat sur le Site est ci-apr\u00e8s d\u00e9nomm\u00e9e \u201cle Client\u201d.<\/p>\n<h1>Mentions relatives \u00e0 l&rsquo;utilisation de cookies<\/h1>\n<p>Cette section \u201cMention relatives \u00e0 l\u2019utilisation de cookies\u201d a pour objet d\u2019informer l\u2019Internaute sur le traitement r\u00e9alis\u00e9 sur les donn\u00e9es de navigation collect\u00e9es lors de la visite sur <a href=\"https:\/\/mademoisellekoshka.com\">https:\/\/mademoisellekoshka.com<\/a> , et ce depuis n\u2019importe quel appareil, notamment : ordinateur, tablette, Smartphone.<\/p>\n<p>&nbsp;<strong>Qu\u2019est-ce qu\u2019un cookie ?<\/strong><\/p>\n<p>&nbsp;Un cookie est un petit fichier de texte transf\u00e9r\u00e9 \u00e0 partir d\u2019un serveur web vers le navigateur web d\u2019un utilisateur du site ou son disque dur lorsqu\u2019il visite un site Internet. Si son navigateur web est configur\u00e9 pour accepter les cookies, ils seront stock\u00e9s dans celui-ci ou dans le disque dur jusqu\u2019\u00e0 ce que la date d\u2019expiration soit d\u00e9pass\u00e9e ou jusqu\u2019\u00e0 ce que l\u2019utilisateur supprime lui-m\u00eame les cookies.<\/p>\n<p><strong>&nbsp;Quels cookies sont collect\u00e9s ?<\/strong><\/p>\n<p>&nbsp;Les cookies permettent d\u2019am\u00e9liorer l\u2019exp\u00e9rience de navigation, d\u2019effectuer des statistiques, de conserver les informations relatives \u00e0 la constitution du panier et sa validation, ainsi qu\u2019\u00e0 faciliter la connexion au compte lorsque l\u2019Internaute clique sur \u201cMon Compte\u201d.&nbsp;<\/p>\n<p>&nbsp;Les cookies &#8211; \u00e0 l\u2019exception de ceux strictement n\u00e9cessaires \u00e0 la navigation sur le site &#8211; ne sont collect\u00e9s qu\u2019apr\u00e8s consentement de l\u2019Internaute par la poursuite de sa navigation sur le Site.<\/p>\n<p>Les cookies strictement n\u00e9cessaires \u00e0 la navigation sur le site ont trait \u00e0 des services et fonctions basiques, comme l\u2019ajout de produits au panier.<\/p>\n<p>&nbsp;Le Site collecte d\u2019autres types de cookies &nbsp;:<\/p>\n<ul type=\"disc\">\n<li>\n<p>Les cookies de performance, permettant de collecter des donn\u00e9es anonymes sur la navigation de l\u2019Utilisateur. Ils ont pour but d\u2019am\u00e9liorer le fonctionnement du Site.<\/p>\n<\/li>\n<li>\n<p>Les cookies de fonctionnalit\u00e9, permettant de sauvegarder les choix faits par l\u2019Utilisateur.<\/p>\n<\/li>\n<li>\n<p>Les cookies publicitaires, permettant la mise en place de publicit\u00e9s cibl\u00e9es.<\/p>\n<\/li>\n<li>\n<p>Les cookies sociaux, permettant notamment le partage des pages du Site sur les r\u00e9seaux sociaux. Ces cookies sont configur\u00e9s par les r\u00e9seaux sociaux en question.<\/p>\n<\/li>\n<\/ul>\n<p>&nbsp;Il existe des cookies internes (cr\u00e9\u00e9s par le Site) et des cookies tiers (cr\u00e9\u00e9s par un autre site).<\/p>\n<p><strong>&nbsp;Utilisation et param\u00e9trage des cookies<\/strong><\/p>\n<p>&nbsp;Aucune information relative aux coordonn\u00e9es bancaires n\u2019est conserv\u00e9e par les cookies. Aucune information ne peut \u00eatre utilis\u00e9e pour promouvoir des offres et produits ne concernant pas la marque Mademoiselle Koshka (LIEPARD Elodie),.<\/p>\n<p>&nbsp;En outre, les informations conserv\u00e9es par les cookies ne sont en aucun cas divulgu\u00e9es \u00e0 des tiers. Elles sont exclusivement destin\u00e9es \u00e0 Mademoiselle Koshka (LIEPARD Elodie), \u00e0 l\u2019exception des cookies publicitaires et cookies sociaux, qui sont des cookies tiers destin\u00e9s aux partenaires.<\/p>\n<p>&nbsp;Les donn\u00e9es obtenues par le biais des cookies sont conserv\u00e9es pour une dur\u00e9e de 13 mois.<\/p>\n<p>&nbsp;L\u2019Utilisateur peut g\u00e9rer les cookies depuis son terminal. Il peut ainsi choisir de les supprimer. Cette suppression peut avoir un effet sur la navigation, le processus d\u2019achat ou encore la connexion au compte. Mademoiselle Koshka (LIEPARD Elodie), ne peut dans ce cas \u00eatre tenu(e) responsable du mauvais fonctionnement du Site ou de la d\u00e9gradation de ses fonctionnalit\u00e9s.<\/p>\n<h1>Mentions relatives \u00e0 l&rsquo;utilisation de donn\u00e9es personnelles<\/h1>\n<p>Cette section \u201cMention relatives \u00e0 l\u2019utilisation de donn\u00e9es personnelles\u201d a pour objet d\u2019informer l\u2019Internaute sur la collecte et le traitement de ses donn\u00e9es personnelles.<\/p>\n<p><strong>Qu\u2019est-ce qu\u2019une donn\u00e9e personnelle ?<\/strong><\/p>\n<p>Une donn\u00e9e personnelle d\u00e9signe toute information se rapportant \u00e0 une personne physique identifi\u00e9e ou identifiable : nom, pr\u00e9nom, date de naissance, IP, num\u00e9ro de t\u00e9l\u00e9phone\u2026<\/p>\n<p><strong>Identit\u00e9 du responsable du traitement<\/strong><\/p>\n<p>&nbsp;Les donn\u00e9es personnelles sont collect\u00e9es par Mademoiselle Koshka (LIEPARD Elodie), N\u00b0 SIRET :&nbsp; 821 552 783 00010<\/p>\n<p>Adresse :&nbsp;31 rue Carnot, 59700 Marcq en Baroeul<\/p>\n<p>Mail :&nbsp;<a href=\"mailto:contact@mademoisellekoshka.com\">contact@mademoisellekoshka.com<\/a><\/p>\n<p><strong>Donn\u00e9es personnelles collect\u00e9es<\/strong><\/p>\n<p>Mademoiselle Koshka (LIEPARD Elodie) peut \u00eatre amen\u00e9(e) \u00e0 collecter : nom, pr\u00e9nom, adresse postale, e-mail, donn\u00e9es de navigation, num\u00e9ro de t\u00e9l\u00e9phone, historique de commandes<\/p>\n<p>L\u2019Internaute s\u2019engage \u00e0 fournir des informations v\u00e9rifiables, sinc\u00e8res et non vici\u00e9es.<\/p>\n<p>Les donn\u00e9es collect\u00e9es sont conserv\u00e9es par Mademoiselle Koshka (LIEPARD-LEROY Elodie) pour une dur\u00e9e de 13 mois \u00e0 compter du dernier acte volontaire et positif de sa part : clic sur un lien dans une newsletter ou dernier achat. Toutefois, les donn\u00e9es personnelles peuvent \u00eatre conserv\u00e9es pour une dur\u00e9e plus longue au titre d\u2019une obligation l\u00e9gale ou \u00e0 des fins statistiques, mais toujours dans le respect de la r\u00e9glementation nationale et europ\u00e9enne en vigueur.<\/p>\n<p>La r\u00e9glementation europ\u00e9enne en mati\u00e8re de protection des donn\u00e9es permet \u00e0 Mademoiselle Koshka (LIEPARD Elodie) d\u2019utiliser les donn\u00e9es personnes du Client ou de l\u2019Internaute si Mademoiselle Koshka (LIEPARD Elodie) dispose d\u2019une base juridique fiable.&nbsp;<\/p>\n<p>Ainsi, pour traiter les donn\u00e9es personnes des Clients ou Internaute, Mademoiselle Koshka (LIEPARD Elodie) se base selon les cas :<\/p>\n<ul type=\"disc\">\n<li>\n<p>sur le consentement des personnes concern\u00e9es,<\/p>\n<\/li>\n<li>\n<p>lorsque cela est n\u00e9cessaire \u00e0 l\u2019ex\u00e9cution d\u2019un contrat, comme le traitement d\u2019une commande web,<\/p>\n<\/li>\n<li>\n<p>lorsque cela est n\u00e9cessaire au respect d\u2019une obligation l\u00e9gale telle que la conservation des factures.<\/p>\n<\/li>\n<\/ul>\n<p><strong>Finalit\u00e9 du traitement<\/strong><\/p>\n<p>Les donn\u00e9es collect\u00e9es par Mademoiselle Koshka (LIEPARD Elodie) permettent, selon les cas :&nbsp;<\/p>\n<ul type=\"disc\">\n<li>\n<p>La gestion de la relation commerciale entre le Client et Mademoiselle Koshka (LIEPARD Elodie)<\/p>\n<\/li>\n<li>\n<p>Le traitement et le suivi des commandes du Client<\/p>\n<\/li>\n<li>\n<p>L\u2019envoi d\u2019offres commerciales<\/p>\n<\/li>\n<\/ul>\n<p>&nbsp;Certaines donn\u00e9es, signal\u00e9es par un *, doivent n\u00e9cessairement \u00eatre collect\u00e9es par Mademoiselle Koshka (LIEPARD Elodie) afin de fournir \u00e0 l\u2019Utilisateur la meilleure exp\u00e9rience possible sur le Site et permettre le traitement de la commande du Client.<\/p>\n<p><strong>S\u00e9curit\u00e9 des donn\u00e9es<\/strong><\/p>\n<p>Mademoiselle Koshka (LIEPARD Elodie) prend toutes les mesures techniques et organisationnelles pour assurer la protection, la confidentialit\u00e9 et la s\u00e9curit\u00e9 des donn\u00e9es qui lui ont \u00e9t\u00e9 transmises par tout Internaute ou Client, et ce dans le respect des dispositions l\u00e9gales applicables.<\/p>\n<p><strong>Droits de l\u2019Internaute<\/strong><\/p>\n<p>Conform\u00e9ment aux l\u00e9gislations nationales et europ\u00e9ennes en vigueur (notamment les articles 14 \u00e0 22 du RGPD 2016\/679 du 27 avril 2016, l\u2019Internaute dispose d\u2019un droit d\u2019acc\u00e8s, de modification, de rectification, \u00e0 la limitation, d\u2019opposition, de portabilit\u00e9 et d\u2019effacement des donn\u00e9es personnelles le concernant, aupr\u00e8s de Mademoiselle Koshka (LIEPARD Elodie).<\/p>\n<p>Pour exercer ses droits, l\u2019Internaute peut :&nbsp;<\/p>\n<p>&nbsp;<!-- [if !supportLists]-->&#8211;&nbsp;&nbsp;&nbsp;&nbsp;&nbsp;&nbsp;&nbsp;&nbsp; <!--[endif]-->en contactant Mademoiselle Koshka (LIEPARD Elodie) au moyen du formulaire de contact disponible sur la page \u201cContact\u201d.<\/p>\n<p><!-- [if !supportLists]-->&#8211;&nbsp;&nbsp;&nbsp;&nbsp;&nbsp;&nbsp;&nbsp;&nbsp; <!--[endif]-->En envoyant un email \u00e0 contact@mademoisellekoshka.com<\/p>\n<h1>Propri\u00e9t\u00e9 Intellectuelle:<\/h1>\n<p>En application du Code fran\u00e7ais de la Propri\u00e9t\u00e9 Intellectuelle et, plus g\u00e9n\u00e9ralement, des trait\u00e9s et accords internationaux comportant des dispositions relatives \u00e0 la protection des droits d\u2019auteurs, il est interdit de reproduire pour un usage autre que priv\u00e9 mais aussi de vendre, distribuer, \u00e9mettre, diffuser, adapter, modifier, publier, communiquer int\u00e9gralement ou partiellement, sous quelque forme que ce soit, les donn\u00e9es, la pr\u00e9sentation ou l\u2019organisation du site sans l\u2019autorisation \u00e9crite pr\u00e9alable de l\u2019\u00e9diteur du site.<\/p>\t\t\t\t\t\t\t\t<\/div>\n\t\t\t\t<\/div>\n\t\t\t\t\t<\/div>\n\t\t<\/div>\n\t\t\t\t\t<\/div>\n\t\t<\/section>\n\t\t\t\t<\/div>\n\t\t","protected":false},"excerpt":{"rendered":"<p>Mentions l\u00e9gales et politique de confidentialit\u00e9 Conform\u00e9ment aux dispositions de l&rsquo;article 6 III-1 de la loi n\u00b02004-575 du 21 juin 2004 pour la confiance dans l&rsquo;\u00e9conomie num\u00e9rique, nous vous informons que le pr\u00e9sent site https:\/\/mademoisellekoshka.com\/ &nbsp;(ci-apr\u00e8s \u00ab le Site \u00bb) est la propri\u00e9t\u00e9 exclusive de LIEPARD Elodie:&nbsp; LIEPARD Elodie,&nbsp;Micro entrepreneur, N\u00b0 SIRET :&nbsp; 821 552 [&hellip;]<\/p>\n","protected":false},"author":1,"featured_media":0,"parent":0,"menu_order":0,"comment_status":"closed","ping_status":"closed","template":"","meta":{"_monsterinsights_skip_tracking":false,"_monsterinsights_sitenote_active":false,"_monsterinsights_sitenote_note":"","_monsterinsights_sitenote_category":0,"site-sidebar-layout":"default","site-content-layout":"","ast-site-content-layout":"default","site-content-style":"default","site-sidebar-style":"default","ast-global-header-display":"","ast-banner-title-visibility":"","ast-main-header-display":"","ast-hfb-above-header-display":"","ast-hfb-below-header-display":"","ast-hfb-mobile-header-display":"","site-post-title":"","ast-breadcrumbs-content":"","ast-featured-img":"","footer-sml-layout":"","ast-disable-related-posts":"","theme-transparent-header-meta":"","adv-header-id-meta":"","stick-header-meta":"","header-above-stick-meta":"","header-main-stick-meta":"","header-below-stick-meta":"","astra-migrate-meta-layouts":"default","ast-page-background-enabled":"default","ast-page-background-meta":{"desktop":{"background-color":"","background-image":"","background-repeat":"repeat","background-position":"center center","background-size":"auto","background-attachment":"scroll","background-type":"","background-media":"","overlay-type":"","overlay-color":"","overlay-opacity":"","overlay-gradient":""},"tablet":{"background-color":"","background-image":"","background-repeat":"repeat","background-position":"center center","background-size":"auto","background-attachment":"scroll","background-type":"","background-media":"","overlay-type":"","overlay-color":"","overlay-opacity":"","overlay-gradient":""},"mobile":{"background-color":"","background-image":"","background-repeat":"repeat","background-position":"center center","background-size":"auto","background-attachment":"scroll","background-type":"","background-media":"","overlay-type":"","overlay-color":"","overlay-opacity":"","overlay-gradient":""}},"ast-content-background-meta":{"desktop":{"background-color":"var(--ast-global-color-5)","background-image":"","background-repeat":"repeat","background-position":"center center","background-size":"auto","background-attachment":"scroll","background-type":"","background-media":"","overlay-type":"","overlay-color":"","overlay-opacity":"","overlay-gradient":""},"tablet":{"background-color":"var(--ast-global-color-5)","background-image":"","background-repeat":"repeat","background-position":"center center","background-size":"auto","background-attachment":"scroll","background-type":"","background-media":"","overlay-type":"","overlay-color":"","overlay-opacity":"","overlay-gradient":""},"mobile":{"background-color":"var(--ast-global-color-5)","background-image":"","background-repeat":"repeat","background-position":"center center","background-size":"auto","background-attachment":"scroll","background-type":"","background-media":"","overlay-type":"","overlay-color":"","overlay-opacity":"","overlay-gradient":""}},"jetpack_post_was_ever_published":false,"footnotes":""},"class_list":["post-330","page","type-page","status-publish","hentry"],"aioseo_notices":[],"jetpack_sharing_enabled":true,"jetpack_shortlink":"https:\/\/wp.me\/P9PAxh-5k","jetpack-related-posts":[{"id":5,"url":"https:\/\/mademoisellekoshka.com\/index.php\/cgv\/","url_meta":{"origin":330,"position":0},"title":"CGV","author":"admin1099","date":"15 avril 2018","format":false,"excerpt":"Mademoiselle Koshka \u00ae est une marque fran\u00e7aise d\u00e9pos\u00e9e \u00e0 l'INPI, de figurines, bijoux et accessoires r\u00e9alis\u00e9s en p\u00e2te polym\u00e8re, de bijoux fantaisies et d'illustration. LIEPARD Elodie, Micro entrepreneur, N\u00b0 SIRET :\u00a0 821 552 783 00010 Inscrite \u00e0 la Chambre de M\u00e9tiers et de l'Artisanat du Nord (59) et au R\u00e9pertoire\u2026","rel":"","context":"Article similaire","block_context":{"text":"Article similaire","link":""},"img":{"alt_text":"","src":"","width":0,"height":0},"classes":[]},{"id":61,"url":"https:\/\/mademoisellekoshka.com\/index.php\/presse\/","url_meta":{"origin":330,"position":1},"title":"A propos","author":"admin1099","date":"17 avril 2018","format":false,"excerpt":"Derri\u00e8re Mademoiselle Koshka se cache Elodie. Artiste auto-didacte qui s'est prise de passion pour le modelage, la broderie et la peinture d\u00e8s son plus jeune \u00e2ge.Aujourd'hui, elle vous propose de retrouver toutes ses passions dans un univers p\u00e9tillant Made In Lille.Venez d\u00e9couvrir ses petits mondes fantastiques et ses cr\u00e9ations uniques\u2026","rel":"","context":"Article similaire","block_context":{"text":"Article similaire","link":""},"img":{"alt_text":"","src":"https:\/\/i0.wp.com\/mademoisellekoshka.com\/wp-content\/uploads\/2021\/03\/DpfUHPZe_400x400.jpg?resize=350%2C200&ssl=1","width":350,"height":200},"classes":[]}],"amp_enabled":true,"_links":{"self":[{"href":"https:\/\/mademoisellekoshka.com\/index.php\/wp-json\/wp\/v2\/pages\/330","targetHints":{"allow":["GET"]}}],"collection":[{"href":"https:\/\/mademoisellekoshka.com\/index.php\/wp-json\/wp\/v2\/pages"}],"about":[{"href":"https:\/\/mademoisellekoshka.com\/index.php\/wp-json\/wp\/v2\/types\/page"}],"author":[{"embeddable":true,"href":"https:\/\/mademoisellekoshka.com\/index.php\/wp-json\/wp\/v2\/users\/1"}],"replies":[{"embeddable":true,"href":"https:\/\/mademoisellekoshka.com\/index.php\/wp-json\/wp\/v2\/comments?post=330"}],"version-history":[{"count":16,"href":"https:\/\/mademoisellekoshka.com\/index.php\/wp-json\/wp\/v2\/pages\/330\/revisions"}],"predecessor-version":[{"id":4591,"href":"https:\/\/mademoisellekoshka.com\/index.php\/wp-json\/wp\/v2\/pages\/330\/revisions\/4591"}],"wp:attachment":[{"href":"https:\/\/mademoisellekoshka.com\/index.php\/wp-json\/wp\/v2\/media?parent=330"}],"curies":[{"name":"wp","href":"https:\/\/api.w.org\/{rel}","templated":true}]}}