{"id":61,"date":"2018-04-17T10:51:22","date_gmt":"2018-04-17T08:51:22","guid":{"rendered":"http:\/\/mademoisellekoshka.com\/?page_id=61"},"modified":"2021-03-13T16:09:12","modified_gmt":"2021-03-13T15:09:12","slug":"presse","status":"publish","type":"page","link":"https:\/\/mademoisellekoshka.com\/index.php\/presse\/","title":{"rendered":"A propos"},"content":{"rendered":"\n<p>Derri\u00e8re Mademoiselle Koshka se cache Elodie. Artiste auto-didacte qui s&rsquo;est prise de passion pour le modelage, la broderie et la peinture d\u00e8s son plus jeune \u00e2ge.<br>Aujourd&rsquo;hui, elle vous propose de retrouver toutes ses passions dans un univers p\u00e9tillant Made In Lille.<br>Venez d\u00e9couvrir ses petits mondes fantastiques et ses cr\u00e9ations uniques et originales pour chaque r\u00eaveur passionn\u00e9 qui sommeille en vous.<\/p>\n\n\n\n<div class=\"wp-block-image is-style-rounded\"><figure class=\"aligncenter size-large\"><img fetchpriority=\"high\" decoding=\"async\" width=\"400\" height=\"400\" data-attachment-id=\"2930\" data-permalink=\"https:\/\/mademoisellekoshka.com\/index.php\/presse\/dpfuhpze_400x400\/\" data-orig-file=\"https:\/\/mademoisellekoshka.com\/wp-content\/uploads\/2021\/03\/DpfUHPZe_400x400.jpg\" data-orig-size=\"400,400\" data-comments-opened=\"0\" data-image-meta=\"{&quot;aperture&quot;:&quot;0&quot;,&quot;credit&quot;:&quot;&quot;,&quot;camera&quot;:&quot;&quot;,&quot;caption&quot;:&quot;&quot;,&quot;created_timestamp&quot;:&quot;0&quot;,&quot;copyright&quot;:&quot;&quot;,&quot;focal_length&quot;:&quot;0&quot;,&quot;iso&quot;:&quot;0&quot;,&quot;shutter_speed&quot;:&quot;0&quot;,&quot;title&quot;:&quot;&quot;,&quot;orientation&quot;:&quot;0&quot;}\" data-image-title=\"DpfUHPZe_400x400\" data-image-description=\"\" data-image-caption=\"\" data-large-file=\"https:\/\/mademoisellekoshka.com\/wp-content\/uploads\/2021\/03\/DpfUHPZe_400x400.jpg\" src=\"https:\/\/mademoisellekoshka.com\/wp-content\/uploads\/2021\/03\/DpfUHPZe_400x400.jpg\" alt=\"\" class=\"wp-image-2930\" srcset=\"https:\/\/mademoisellekoshka.com\/wp-content\/uploads\/2021\/03\/DpfUHPZe_400x400.jpg 400w, https:\/\/mademoisellekoshka.com\/wp-content\/uploads\/2021\/03\/DpfUHPZe_400x400-300x300.jpg 300w, https:\/\/mademoisellekoshka.com\/wp-content\/uploads\/2021\/03\/DpfUHPZe_400x400-100x100.jpg 100w, https:\/\/mademoisellekoshka.com\/wp-content\/uploads\/2021\/03\/DpfUHPZe_400x400-150x150.jpg 150w\" sizes=\"(max-width: 400px) 100vw, 400px\" \/><\/figure><\/div>\n\n\n\n<h2 class=\"has-text-align-center wp-block-heading\">Mon histoire<\/h2>\n\n\n\n<p>Depuis 2011, j\u2019exp\u00e9rimente le DIY. Puis, devenue m\u00e8re, j\u2019ai continu\u00e9. Malheureusement, un burn-out professionnel m\u2019a oblig\u00e9 \u00e0 faire un choix et la cr\u00e9ation m\u2019a aid\u00e9 \u00e0 surmonter cette \u00e9preuve, ainsi que l\u2019autisme de ma fille.<br>F\u00e9rue de lectures, de magie et de cr\u00e9atures mythiques, il est devenu naturel de retrouver ces th\u00e8mes dans mes cr\u00e9ations. J\u2019\u00e9volue dans un univers \u00e0 la fois japonisant, geek, fantastique et gothique.<\/p>\n\n\n\n<h2 class=\"has-text-align-center wp-block-heading\">Mes valeurs<\/h2>\n\n\n\n<ul class=\"wp-block-list\"><li>L\u2019artisanat<\/li><li>L\u2019histoire<\/li><li>La nature<\/li><li>Le symbolique<\/li><li>Le fantastique<\/li><li>L\u2019authentique<\/li><\/ul>\n\n\n\n<h2 class=\"has-text-align-center wp-block-heading\">Mes cr\u00e9ations<\/h2>\n\n\n\n<p>Je cr\u00e9e des bijoux \u00ab tableaux \u00bb dans un style baroque (sur cam\u00e9e) ou des bijoux \u00ab nature \u00bb en piochant des morceaux fa\u00e7onn\u00e9s par la nature (noix, fleurs s\u00e9ch\u00e9es, etc).<br>Je cr\u00e9e des figurines et petits mondes sous verre, dans la lign\u00e9e des cabinets de curiosit\u00e9s.<br>Je donne \u00e9galement vie \u00e0 des cr\u00e9atures (Art Toys).<br>Tout est r\u00e9alis\u00e9 \u00e0 la main, en modelage (p\u00e2te polym\u00e8re, c\u00e9ramique, papier m\u00e2ch\u00e9), en textile (couture et broderie), en r\u00e9sine, alliant peintures et \u00e9l\u00e9ments de la nature.<\/p>\n\n\n\n<h2 class=\"has-text-align-center wp-block-heading\">Bijoux de cr\u00e9ateur de qualit\u00e9 et d\u00e9coration<\/h2>\n\n\n\n<p>Elles s\u2019adressent aux amoureux du fantastique et aux amateurs d\u2019art, qui souhaitent affirmer leurs passions en portant un bijou unique ou en adoptant une figurine (ou Art Toy) qui leurs ressemblent.<br>Des mod\u00e8les uniques<br>Chaque cr\u00e9ation est unique, comme si elle contenait un morceau de mon \u00e2me. Elle est r\u00e9alis\u00e9e pour une personne qui saura l\u2019aimer et l\u2019adopter car elle se retrouvera en elle.<br>Chaque pi\u00e8ce raconte une histoire et est sign\u00e9e et\/ou num\u00e9rot\u00e9e.<\/p>\n\n\n\n<h2 class=\"has-text-align-center wp-block-heading\">Dans la presse<\/h2>\n\n\n\n<p><\/p>\n\n\n\n<div class=\"wp-block-image\"><figure class=\"aligncenter\"><img decoding=\"async\" width=\"206\" height=\"288\" data-attachment-id=\"63\" data-permalink=\"https:\/\/mademoisellekoshka.com\/index.php\/presse\/12969219_10208212940379934_929170747_n\/\" data-orig-file=\"https:\/\/mademoisellekoshka.com\/wp-content\/uploads\/2018\/04\/12969219_10208212940379934_929170747_n.jpg\" data-orig-size=\"206,288\" data-comments-opened=\"1\" data-image-meta=\"{&quot;aperture&quot;:&quot;0&quot;,&quot;credit&quot;:&quot;&quot;,&quot;camera&quot;:&quot;&quot;,&quot;caption&quot;:&quot;&quot;,&quot;created_timestamp&quot;:&quot;0&quot;,&quot;copyright&quot;:&quot;&quot;,&quot;focal_length&quot;:&quot;0&quot;,&quot;iso&quot;:&quot;0&quot;,&quot;shutter_speed&quot;:&quot;0&quot;,&quot;title&quot;:&quot;&quot;,&quot;orientation&quot;:&quot;0&quot;}\" data-image-title=\"12969219_10208212940379934_929170747_n\" data-image-description=\"\" data-image-caption=\"\" data-large-file=\"https:\/\/mademoisellekoshka.com\/wp-content\/uploads\/2018\/04\/12969219_10208212940379934_929170747_n.jpg\" src=\"http:\/\/mademoisellekoshka.com\/wp-content\/uploads\/2018\/04\/12969219_10208212940379934_929170747_n.jpg\" alt=\"\" class=\"wp-image-63\"\/><\/figure><\/div>\n\n\n\n<div class=\"wp-block-image\"><figure class=\"aligncenter\"><img decoding=\"async\" width=\"204\" height=\"300\" data-attachment-id=\"64\" data-permalink=\"https:\/\/mademoisellekoshka.com\/index.php\/presse\/17430658_10211137197084524_2015644993_o\/\" data-orig-file=\"https:\/\/mademoisellekoshka.com\/wp-content\/uploads\/2018\/04\/17430658_10211137197084524_2015644993_o-e1585058899246.jpg\" data-orig-size=\"612,900\" data-comments-opened=\"1\" data-image-meta=\"{&quot;aperture&quot;:&quot;0&quot;,&quot;credit&quot;:&quot;&quot;,&quot;camera&quot;:&quot;&quot;,&quot;caption&quot;:&quot;&quot;,&quot;created_timestamp&quot;:&quot;0&quot;,&quot;copyright&quot;:&quot;&quot;,&quot;focal_length&quot;:&quot;0&quot;,&quot;iso&quot;:&quot;0&quot;,&quot;shutter_speed&quot;:&quot;0&quot;,&quot;title&quot;:&quot;&quot;,&quot;orientation&quot;:&quot;1&quot;}\" data-image-title=\"17430658_10211137197084524_2015644993_o\" data-image-description=\"\" data-image-caption=\"\" data-large-file=\"https:\/\/mademoisellekoshka.com\/wp-content\/uploads\/2018\/04\/17430658_10211137197084524_2015644993_o-696x1024.jpg\" src=\"http:\/\/mademoisellekoshka.com\/wp-content\/uploads\/2018\/04\/17430658_10211137197084524_2015644993_o-204x300.jpg\" alt=\"\" class=\"wp-image-64\"\/><\/figure><\/div>\n\n\n\n<div class=\"wp-block-image\"><figure class=\"aligncenter\"><img loading=\"lazy\" decoding=\"async\" width=\"300\" height=\"278\" data-attachment-id=\"65\" data-permalink=\"https:\/\/mademoisellekoshka.com\/index.php\/presse\/27867392_1995842213764635_4506670901971814750_n\/\" data-orig-file=\"https:\/\/mademoisellekoshka.com\/wp-content\/uploads\/2018\/04\/27867392_1995842213764635_4506670901971814750_n.jpg\" data-orig-size=\"960,891\" data-comments-opened=\"1\" data-image-meta=\"{&quot;aperture&quot;:&quot;0&quot;,&quot;credit&quot;:&quot;&quot;,&quot;camera&quot;:&quot;&quot;,&quot;caption&quot;:&quot;&quot;,&quot;created_timestamp&quot;:&quot;0&quot;,&quot;copyright&quot;:&quot;&quot;,&quot;focal_length&quot;:&quot;0&quot;,&quot;iso&quot;:&quot;0&quot;,&quot;shutter_speed&quot;:&quot;0&quot;,&quot;title&quot;:&quot;&quot;,&quot;orientation&quot;:&quot;0&quot;}\" data-image-title=\"27867392_1995842213764635_4506670901971814750_n\" data-image-description=\"\" data-image-caption=\"\" data-large-file=\"https:\/\/mademoisellekoshka.com\/wp-content\/uploads\/2018\/04\/27867392_1995842213764635_4506670901971814750_n.jpg\" src=\"http:\/\/mademoisellekoshka.com\/wp-content\/uploads\/2018\/04\/27867392_1995842213764635_4506670901971814750_n-300x278.jpg\" alt=\"\" class=\"wp-image-65\" srcset=\"https:\/\/mademoisellekoshka.com\/wp-content\/uploads\/2018\/04\/27867392_1995842213764635_4506670901971814750_n-300x278.jpg 300w, https:\/\/mademoisellekoshka.com\/wp-content\/uploads\/2018\/04\/27867392_1995842213764635_4506670901971814750_n-600x557.jpg 600w, https:\/\/mademoisellekoshka.com\/wp-content\/uploads\/2018\/04\/27867392_1995842213764635_4506670901971814750_n-768x713.jpg 768w, https:\/\/mademoisellekoshka.com\/wp-content\/uploads\/2018\/04\/27867392_1995842213764635_4506670901971814750_n-323x300.jpg 323w, https:\/\/mademoisellekoshka.com\/wp-content\/uploads\/2018\/04\/27867392_1995842213764635_4506670901971814750_n.jpg 960w\" sizes=\"(max-width: 300px) 100vw, 300px\" \/><\/figure><\/div>\n","protected":false},"excerpt":{"rendered":"<p>Derri\u00e8re Mademoiselle Koshka se cache Elodie. Artiste auto-didacte qui s&rsquo;est prise de passion pour le modelage, la broderie et la peinture d\u00e8s son plus jeune \u00e2ge.Aujourd&rsquo;hui, elle vous propose de retrouver toutes ses passions dans un univers p\u00e9tillant Made In Lille.Venez d\u00e9couvrir ses petits mondes fantastiques et ses cr\u00e9ations uniques et originales pour chaque r\u00eaveur [&hellip;]<\/p>\n","protected":false},"author":1,"featured_media":0,"parent":0,"menu_order":0,"comment_status":"closed","ping_status":"closed","template":"","meta":{"_monsterinsights_skip_tracking":false,"_monsterinsights_sitenote_active":false,"_monsterinsights_sitenote_note":"","_monsterinsights_sitenote_category":0,"site-sidebar-layout":"default","site-content-layout":"","ast-site-content-layout":"default","site-content-style":"default","site-sidebar-style":"default","ast-global-header-display":"","ast-banner-title-visibility":"","ast-main-header-display":"","ast-hfb-above-header-display":"","ast-hfb-below-header-display":"","ast-hfb-mobile-header-display":"","site-post-title":"","ast-breadcrumbs-content":"","ast-featured-img":"","footer-sml-layout":"","ast-disable-related-posts":"","theme-transparent-header-meta":"","adv-header-id-meta":"","stick-header-meta":"","header-above-stick-meta":"","header-main-stick-meta":"","header-below-stick-meta":"","astra-migrate-meta-layouts":"default","ast-page-background-enabled":"default","ast-page-background-meta":{"desktop":{"background-color":"","background-image":"","background-repeat":"repeat","background-position":"center center","background-size":"auto","background-attachment":"scroll","background-type":"","background-media":"","overlay-type":"","overlay-color":"","overlay-opacity":"","overlay-gradient":""},"tablet":{"background-color":"","background-image":"","background-repeat":"repeat","background-position":"center center","background-size":"auto","background-attachment":"scroll","background-type":"","background-media":"","overlay-type":"","overlay-color":"","overlay-opacity":"","overlay-gradient":""},"mobile":{"background-color":"","background-image":"","background-repeat":"repeat","background-position":"center center","background-size":"auto","background-attachment":"scroll","background-type":"","background-media":"","overlay-type":"","overlay-color":"","overlay-opacity":"","overlay-gradient":""}},"ast-content-background-meta":{"desktop":{"background-color":"var(--ast-global-color-5)","background-image":"","background-repeat":"repeat","background-position":"center center","background-size":"auto","background-attachment":"scroll","background-type":"","background-media":"","overlay-type":"","overlay-color":"","overlay-opacity":"","overlay-gradient":""},"tablet":{"background-color":"var(--ast-global-color-5)","background-image":"","background-repeat":"repeat","background-position":"center center","background-size":"auto","background-attachment":"scroll","background-type":"","background-media":"","overlay-type":"","overlay-color":"","overlay-opacity":"","overlay-gradient":""},"mobile":{"background-color":"var(--ast-global-color-5)","background-image":"","background-repeat":"repeat","background-position":"center center","background-size":"auto","background-attachment":"scroll","background-type":"","background-media":"","overlay-type":"","overlay-color":"","overlay-opacity":"","overlay-gradient":""}},"jetpack_post_was_ever_published":false,"footnotes":""},"class_list":["post-61","page","type-page","status-publish","hentry"],"aioseo_notices":[],"jetpack_sharing_enabled":true,"jetpack_shortlink":"https:\/\/wp.me\/P9PAxh-Z","jetpack-related-posts":[{"id":9,"url":"https:\/\/mademoisellekoshka.com\/","url_meta":{"origin":61,"position":0},"title":"Accueil","author":"admin1099","date":"15 avril 2018","format":false,"excerpt":"Pr\u00e9c\u00e9dent Suivant Des petits mondes fantastiques pour le passionn\u00e9 qui sommeille en chacun de nous. E-shop Ateliers Blog: Mes chroniques fantastiques Pr\u00e9c\u00e9dent Suivant Facebook Twitter Youtube Instagram Pinterest","rel":"","context":"Article similaire","block_context":{"text":"Article similaire","link":""},"img":{"alt_text":"","src":"https:\/\/i0.wp.com\/mademoisellekoshka.com\/wp-content\/uploads\/2021\/04\/2.jpg?resize=350%2C200&ssl=1","width":350,"height":200,"srcset":"https:\/\/i0.wp.com\/mademoisellekoshka.com\/wp-content\/uploads\/2021\/04\/2.jpg?resize=350%2C200&ssl=1 1x, https:\/\/i0.wp.com\/mademoisellekoshka.com\/wp-content\/uploads\/2021\/04\/2.jpg?resize=525%2C300&ssl=1 1.5x, https:\/\/i0.wp.com\/mademoisellekoshka.com\/wp-content\/uploads\/2021\/04\/2.jpg?resize=700%2C400&ssl=1 2x, https:\/\/i0.wp.com\/mademoisellekoshka.com\/wp-content\/uploads\/2021\/04\/2.jpg?resize=1050%2C600&ssl=1 3x"},"classes":[]},{"id":5,"url":"https:\/\/mademoisellekoshka.com\/index.php\/cgv\/","url_meta":{"origin":61,"position":1},"title":"CGV","author":"admin1099","date":"15 avril 2018","format":false,"excerpt":"Mademoiselle Koshka \u00ae est une marque fran\u00e7aise d\u00e9pos\u00e9e \u00e0 l'INPI, de figurines, bijoux et accessoires r\u00e9alis\u00e9s en p\u00e2te polym\u00e8re, de bijoux fantaisies et d'illustration. LIEPARD Elodie, Micro entrepreneur, N\u00b0 SIRET :\u00a0 821 552 783 00010 Inscrite \u00e0 la Chambre de M\u00e9tiers et de l'Artisanat du Nord (59) et au R\u00e9pertoire\u2026","rel":"","context":"Article similaire","block_context":{"text":"Article similaire","link":""},"img":{"alt_text":"","src":"","width":0,"height":0},"classes":[]}],"amp_enabled":true,"_links":{"self":[{"href":"https:\/\/mademoisellekoshka.com\/index.php\/wp-json\/wp\/v2\/pages\/61","targetHints":{"allow":["GET"]}}],"collection":[{"href":"https:\/\/mademoisellekoshka.com\/index.php\/wp-json\/wp\/v2\/pages"}],"about":[{"href":"https:\/\/mademoisellekoshka.com\/index.php\/wp-json\/wp\/v2\/types\/page"}],"author":[{"embeddable":true,"href":"https:\/\/mademoisellekoshka.com\/index.php\/wp-json\/wp\/v2\/users\/1"}],"replies":[{"embeddable":true,"href":"https:\/\/mademoisellekoshka.com\/index.php\/wp-json\/wp\/v2\/comments?post=61"}],"version-history":[{"count":4,"href":"https:\/\/mademoisellekoshka.com\/index.php\/wp-json\/wp\/v2\/pages\/61\/revisions"}],"predecessor-version":[{"id":2931,"href":"https:\/\/mademoisellekoshka.com\/index.php\/wp-json\/wp\/v2\/pages\/61\/revisions\/2931"}],"wp:attachment":[{"href":"https:\/\/mademoisellekoshka.com\/index.php\/wp-json\/wp\/v2\/media?parent=61"}],"curies":[{"name":"wp","href":"https:\/\/api.w.org\/{rel}","templated":true}]}}