{"id":8916,"date":"2026-01-14T20:00:09","date_gmt":"2026-01-14T19:00:09","guid":{"rendered":"https:\/\/mademoisellekoshka.com\/?post_type=product&#038;p=8916"},"modified":"2026-03-30T14:26:28","modified_gmt":"2026-03-30T12:26:28","slug":"fiole-meduse","status":"publish","type":"product","link":"https:\/\/mademoisellekoshka.com\/index.php\/produit\/fiole-meduse\/","title":{"rendered":"Fiole M\u00e9duse"},"content":{"rendered":"<p>Fiole de 8cm de haut, avec une m\u00e9duse qui brille dans le noir \u00e0 l&rsquo;int\u00e9rieur.<\/p>\n<p>Chaque m\u00e9duse est r\u00e9alis\u00e9e \u00e0 la main en p\u00e2te polym\u00e8re, donc elle peut varier l\u00e9g\u00e8rement de celle pr\u00e9sent\u00e9e.<\/p>\n<p>La m\u00e9duse brille dans le noir.<\/p>\n","protected":false},"excerpt":{"rendered":"<p>Fiole de 8cm de haut, avec une m\u00e9duse qui brille dans le noir \u00e0 l&rsquo;int\u00e9rieur. Chaque m\u00e9duse est r\u00e9alis\u00e9e \u00e0 la main en p\u00e2te polym\u00e8re, donc elle peut varier l\u00e9g\u00e8rement de celle pr\u00e9sent\u00e9e. La m\u00e9duse brille dans le noir.<\/p>\n","protected":false},"featured_media":8901,"comment_status":"closed","ping_status":"closed","template":"","meta":{"_monsterinsights_skip_tracking":false,"_monsterinsights_sitenote_active":false,"_monsterinsights_sitenote_note":"","_monsterinsights_sitenote_category":0,"site-sidebar-layout":"default","site-content-layout":"","ast-site-content-layout":"default","site-content-style":"default","site-sidebar-style":"default","ast-global-header-display":"","ast-banner-title-visibility":"","ast-main-header-display":"","ast-hfb-above-header-display":"","ast-hfb-below-header-display":"","ast-hfb-mobile-header-display":"","site-post-title":"","ast-breadcrumbs-content":"","ast-featured-img":"","footer-sml-layout":"","ast-disable-related-posts":"","theme-transparent-header-meta":"default","adv-header-id-meta":"","stick-header-meta":"","header-above-stick-meta":"","header-main-stick-meta":"","header-below-stick-meta":"","astra-migrate-meta-layouts":"set","ast-page-background-enabled":"default","ast-page-background-meta":{"desktop":{"background-color":"","background-image":"","background-repeat":"repeat","background-position":"center center","background-size":"auto","background-attachment":"scroll","background-type":"","background-media":"","overlay-type":"","overlay-color":"","overlay-opacity":"","overlay-gradient":""},"tablet":{"background-color":"","background-image":"","background-repeat":"repeat","background-position":"center center","background-size":"auto","background-attachment":"scroll","background-type":"","background-media":"","overlay-type":"","overlay-color":"","overlay-opacity":"","overlay-gradient":""},"mobile":{"background-color":"","background-image":"","background-repeat":"repeat","background-position":"center center","background-size":"auto","background-attachment":"scroll","background-type":"","background-media":"","overlay-type":"","overlay-color":"","overlay-opacity":"","overlay-gradient":""}},"ast-content-background-meta":{"desktop":{"background-color":"var(--ast-global-color-5)","background-image":"","background-repeat":"repeat","background-position":"center center","background-size":"auto","background-attachment":"scroll","background-type":"","background-media":"","overlay-type":"","overlay-color":"","overlay-opacity":"","overlay-gradient":""},"tablet":{"background-color":"var(--ast-global-color-5)","background-image":"","background-repeat":"repeat","background-position":"center center","background-size":"auto","background-attachment":"scroll","background-type":"","background-media":"","overlay-type":"","overlay-color":"","overlay-opacity":"","overlay-gradient":""},"mobile":{"background-color":"var(--ast-global-color-5)","background-image":"","background-repeat":"repeat","background-position":"center center","background-size":"auto","background-attachment":"scroll","background-type":"","background-media":"","overlay-type":"","overlay-color":"","overlay-opacity":"","overlay-gradient":""}},"jetpack_post_was_ever_published":false},"product_brand":[],"product_cat":[80],"product_tag":[],"class_list":{"0":"post-8916","1":"product","2":"type-product","3":"status-publish","4":"has-post-thumbnail","6":"product_cat-figurines","7":"desktop-align-left","8":"tablet-align-left","9":"mobile-align-left","11":"first","12":"instock","13":"sale","14":"shipping-taxable","15":"purchasable","16":"product-type-simple"},"aioseo_notices":[],"jetpack_sharing_enabled":true,"jetpack-related-posts":[{"id":8918,"url":"https:\/\/mademoisellekoshka.com\/index.php\/produit\/fiole-zodiaque-scorpion\/","url_meta":{"origin":8916,"position":0},"title":"Fiole zodiaque Scorpion","author":"admin1099","date":"14 janvier 2026","format":false,"excerpt":"Fiole de 8cm de haut, avec un faune zodiaque. Chaque faune est r\u00e9alis\u00e9 \u00e0 la main en p\u00e2te polym\u00e8re. Mod\u00e8le unique.","rel":"","context":"Article similaire","block_context":{"text":"Article similaire","link":""},"img":{"alt_text":"","src":"https:\/\/i0.wp.com\/mademoisellekoshka.com\/wp-content\/uploads\/2026\/01\/DSC_05542-e1768395446140.jpg?resize=350%2C200&ssl=1","width":350,"height":200,"srcset":"https:\/\/i0.wp.com\/mademoisellekoshka.com\/wp-content\/uploads\/2026\/01\/DSC_05542-e1768395446140.jpg?resize=350%2C200&ssl=1 1x, https:\/\/i0.wp.com\/mademoisellekoshka.com\/wp-content\/uploads\/2026\/01\/DSC_05542-e1768395446140.jpg?resize=525%2C300&ssl=1 1.5x, https:\/\/i0.wp.com\/mademoisellekoshka.com\/wp-content\/uploads\/2026\/01\/DSC_05542-e1768395446140.jpg?resize=700%2C400&ssl=1 2x"},"classes":[]},{"id":8920,"url":"https:\/\/mademoisellekoshka.com\/index.php\/produit\/fiole-zodiaque-balance\/","url_meta":{"origin":8916,"position":1},"title":"Fiole zodiaque Balance","author":"admin1099","date":"14 janvier 2026","format":false,"excerpt":"Fiole de 8cm de haut, avec un faune zodiaque. Chaque faune est r\u00e9alis\u00e9 \u00e0 la main en p\u00e2te polym\u00e8re. Mod\u00e8le unique.","rel":"","context":"Article similaire","block_context":{"text":"Article similaire","link":""},"img":{"alt_text":"","src":"https:\/\/i0.wp.com\/mademoisellekoshka.com\/wp-content\/uploads\/2026\/01\/DSC_05532-e1768395460391.jpg?resize=350%2C200&ssl=1","width":350,"height":200,"srcset":"https:\/\/i0.wp.com\/mademoisellekoshka.com\/wp-content\/uploads\/2026\/01\/DSC_05532-e1768395460391.jpg?resize=350%2C200&ssl=1 1x, https:\/\/i0.wp.com\/mademoisellekoshka.com\/wp-content\/uploads\/2026\/01\/DSC_05532-e1768395460391.jpg?resize=525%2C300&ssl=1 1.5x, https:\/\/i0.wp.com\/mademoisellekoshka.com\/wp-content\/uploads\/2026\/01\/DSC_05532-e1768395460391.jpg?resize=700%2C400&ssl=1 2x"},"classes":[]},{"id":8922,"url":"https:\/\/mademoisellekoshka.com\/index.php\/produit\/fiole-zodiaque-gemeaux\/","url_meta":{"origin":8916,"position":2},"title":"Fiole zodiaque G\u00e9meaux","author":"admin1099","date":"14 janvier 2026","format":false,"excerpt":"Fiole de 8cm de haut, avec un faune zodiaque. Chaque faune est r\u00e9alis\u00e9 \u00e0 la main en p\u00e2te polym\u00e8re. Mod\u00e8le unique.","rel":"","context":"Article similaire","block_context":{"text":"Article similaire","link":""},"img":{"alt_text":"","src":"https:\/\/i0.wp.com\/mademoisellekoshka.com\/wp-content\/uploads\/2026\/01\/DSC_05512-scaled-e1768395488351.jpg?resize=350%2C200&ssl=1","width":350,"height":200,"srcset":"https:\/\/i0.wp.com\/mademoisellekoshka.com\/wp-content\/uploads\/2026\/01\/DSC_05512-scaled-e1768395488351.jpg?resize=350%2C200&ssl=1 1x, https:\/\/i0.wp.com\/mademoisellekoshka.com\/wp-content\/uploads\/2026\/01\/DSC_05512-scaled-e1768395488351.jpg?resize=525%2C300&ssl=1 1.5x"},"classes":[]},{"id":8907,"url":"https:\/\/mademoisellekoshka.com\/index.php\/produit\/grand-rumi\/","url_meta":{"origin":8916,"position":3},"title":"Grand Rumi","author":"admin1099","date":"14 janvier 2026","format":false,"excerpt":"Grande figurine Rumi en argile et peinture acrylique. R\u00e9alis\u00e9e \u00e0 la main, elle mesure 9 cm de haut. Elle est pos\u00e9e sur un socle en bois. Brille dans le noir. Mod\u00e8le Unique.","rel":"","context":"Article similaire","block_context":{"text":"Article similaire","link":""},"img":{"alt_text":"","src":"https:\/\/i0.wp.com\/mademoisellekoshka.com\/wp-content\/uploads\/2026\/01\/DSC_05422-e1768400932627.jpg?resize=350%2C200&ssl=1","width":350,"height":200,"srcset":"https:\/\/i0.wp.com\/mademoisellekoshka.com\/wp-content\/uploads\/2026\/01\/DSC_05422-e1768400932627.jpg?resize=350%2C200&ssl=1 1x, https:\/\/i0.wp.com\/mademoisellekoshka.com\/wp-content\/uploads\/2026\/01\/DSC_05422-e1768400932627.jpg?resize=525%2C300&ssl=1 1.5x, https:\/\/i0.wp.com\/mademoisellekoshka.com\/wp-content\/uploads\/2026\/01\/DSC_05422-e1768400932627.jpg?resize=700%2C400&ssl=1 2x"},"classes":[]},{"id":3258,"url":"https:\/\/mademoisellekoshka.com\/index.php\/produit\/porte-encens-chouette-deesse-de-la-lune\/","url_meta":{"origin":8916,"position":4},"title":"Porte Encens Chouette \u00ab\u00a0D\u00e9esse de la Lune\u00a0\u00bb Or","author":"admin1099","date":"14 janvier 2026","format":false,"excerpt":"Porte encens Chouette \"Lune\" Animal Totem r\u00e9alis\u00e9e \u00e0 la main, mod\u00e8le unique, sign\u00e9 et num\u00e9rot\u00e9. Figurine \"S\u00e9l\u00e9n\u00e9, D\u00e9esse de la Lune\" livr\u00e9e avec des b\u00e2tons d'encens.","rel":"","context":"Article similaire","block_context":{"text":"Article similaire","link":""},"img":{"alt_text":"","src":"https:\/\/i0.wp.com\/mademoisellekoshka.com\/wp-content\/uploads\/2021\/06\/porte_encens_wictchy_chouette_noire_or_2-e1679764982746.jpg?resize=350%2C200&ssl=1","width":350,"height":200,"srcset":"https:\/\/i0.wp.com\/mademoisellekoshka.com\/wp-content\/uploads\/2021\/06\/porte_encens_wictchy_chouette_noire_or_2-e1679764982746.jpg?resize=350%2C200&ssl=1 1x, https:\/\/i0.wp.com\/mademoisellekoshka.com\/wp-content\/uploads\/2021\/06\/porte_encens_wictchy_chouette_noire_or_2-e1679764982746.jpg?resize=525%2C300&ssl=1 1.5x"},"classes":[]},{"id":4886,"url":"https:\/\/mademoisellekoshka.com\/index.php\/produit\/broche-devil-cat-en-resine\/","url_meta":{"origin":8916,"position":5},"title":"Broche Devil Cat en r\u00e9sine","author":"admin1099","date":"14 janvier 2026","format":false,"excerpt":"R\u00e9alis\u00e9e en r\u00e9sine \u00e9poxy, peinte et vernis, cette jolie broche \"Devil Cat\" a \u00e9t\u00e9 con\u00e7ue par mes soins.","rel":"","context":"Article similaire","block_context":{"text":"Article similaire","link":""},"img":{"alt_text":"","src":"https:\/\/i0.wp.com\/mademoisellekoshka.com\/wp-content\/uploads\/2023\/02\/broche-chat-diable-4-scaled-e1677084346733.jpg?resize=350%2C200&ssl=1","width":350,"height":200,"srcset":"https:\/\/i0.wp.com\/mademoisellekoshka.com\/wp-content\/uploads\/2023\/02\/broche-chat-diable-4-scaled-e1677084346733.jpg?resize=350%2C200&ssl=1 1x, https:\/\/i0.wp.com\/mademoisellekoshka.com\/wp-content\/uploads\/2023\/02\/broche-chat-diable-4-scaled-e1677084346733.jpg?resize=525%2C300&ssl=1 1.5x, https:\/\/i0.wp.com\/mademoisellekoshka.com\/wp-content\/uploads\/2023\/02\/broche-chat-diable-4-scaled-e1677084346733.jpg?resize=700%2C400&ssl=1 2x"},"classes":[]}],"amp_enabled":true,"_links":{"self":[{"href":"https:\/\/mademoisellekoshka.com\/index.php\/wp-json\/wp\/v2\/product\/8916","targetHints":{"allow":["GET"]}}],"collection":[{"href":"https:\/\/mademoisellekoshka.com\/index.php\/wp-json\/wp\/v2\/product"}],"about":[{"href":"https:\/\/mademoisellekoshka.com\/index.php\/wp-json\/wp\/v2\/types\/product"}],"replies":[{"embeddable":true,"href":"https:\/\/mademoisellekoshka.com\/index.php\/wp-json\/wp\/v2\/comments?post=8916"}],"version-history":[{"count":1,"href":"https:\/\/mademoisellekoshka.com\/index.php\/wp-json\/wp\/v2\/product\/8916\/revisions"}],"predecessor-version":[{"id":8917,"href":"https:\/\/mademoisellekoshka.com\/index.php\/wp-json\/wp\/v2\/product\/8916\/revisions\/8917"}],"wp:featuredmedia":[{"embeddable":true,"href":"https:\/\/mademoisellekoshka.com\/index.php\/wp-json\/wp\/v2\/media\/8901"}],"wp:attachment":[{"href":"https:\/\/mademoisellekoshka.com\/index.php\/wp-json\/wp\/v2\/media?parent=8916"}],"wp:term":[{"taxonomy":"product_brand","embeddable":true,"href":"https:\/\/mademoisellekoshka.com\/index.php\/wp-json\/wp\/v2\/product_brand?post=8916"},{"taxonomy":"product_cat","embeddable":true,"href":"https:\/\/mademoisellekoshka.com\/index.php\/wp-json\/wp\/v2\/product_cat?post=8916"},{"taxonomy":"product_tag","embeddable":true,"href":"https:\/\/mademoisellekoshka.com\/index.php\/wp-json\/wp\/v2\/product_tag?post=8916"}],"curies":[{"name":"wp","href":"https:\/\/api.w.org\/{rel}","templated":true}]}}